{"id":111,"date":"2022-04-30T20:22:42","date_gmt":"2022-04-30T20:22:42","guid":{"rendered":"https:\/\/impreza48.us-themes.com\/?page_id=111"},"modified":"2026-03-09T15:26:40","modified_gmt":"2026-03-09T15:26:40","slug":"servicios","status":"publish","type":"page","link":"https:\/\/herrerasilvacontadores.com\/sitioweb\/servicios\/","title":{"rendered":"Servicios"},"content":{"rendered":"<section class=\"l-section wpb_row height_large\"><div class=\"l-section-h i-cf\"><div class=\"g-cols vc_row via_grid cols_1 laptops-cols_inherit tablets-cols_inherit mobiles-cols_1 valign_top type_default stacking_default\"><div class=\"wpb_column vc_column_container\"><div class=\"vc_column-inner\"><h1 class=\"w-post-elm post_title align_center entry-title color_link_inherit\">Servicios<\/h1><\/div><\/div><\/div><\/div><\/section><section class=\"l-section wpb_row us_custom_278d8c57 height_large\"><div class=\"l-section-h i-cf\"><div class=\"g-cols vc_row via_grid cols_1 laptops-cols_inherit tablets-cols_inherit mobiles-cols_1 valign_top type_default stacking_default\"><div class=\"wpb_column vc_column_container\"><div class=\"vc_column-inner\"><div class=\"g-cols wpb_row via_grid cols_1-2 laptops-cols_1 tablets-cols_inherit mobiles-cols_1 valign_top type_default stacking_default\" style=\"--columns-gap:1rem;\"><div class=\"wpb_column vc_column_container\"><div class=\"vc_column-inner\"><div class=\"w-hwrapper valign_middle align_none\"><h6 class=\"w-text us_custom_dfb871c2 has_text_color\"><span class=\"w-text-h\"><span class=\"w-text-value\">01<\/span><\/span><\/h6><h3 class=\"w-text\"><span class=\"w-text-h\"><span class=\"w-text-value\">Contabilidad<\/span><\/span><\/h3><\/div><\/div><\/div><div class=\"wpb_column vc_column_container\"><div class=\"vc_column-inner\"><div class=\"wpb_text_column\"><div class=\"wpb_wrapper\"><p>Registro, control y an\u00e1lisis de las operaciones financieras de empresas y personas, permitiendo conocer su situaci\u00f3n econ\u00f3mica y tomar mejores decisiones.<\/p>\n<\/div><\/div><\/div><\/div><\/div><div class=\"w-separator size_huge\"><\/div><div class=\"g-cols wpb_row via_grid cols_1-2 laptops-cols_1 tablets-cols_inherit mobiles-cols_1 valign_top type_default stacking_default\" style=\"--columns-gap:1rem;\"><div class=\"wpb_column vc_column_container\"><div class=\"vc_column-inner\"><div class=\"w-hwrapper valign_middle align_none\"><h6 class=\"w-text us_custom_dfb871c2 has_text_color\"><span class=\"w-text-h\"><span class=\"w-text-value\">02<\/span><\/span><\/h6><h3 class=\"w-text\"><span class=\"w-text-h\"><span class=\"w-text-value\">Declaraciones Anuales Persona F\u00edsica y Moral<\/span><\/span><\/h3><\/div><\/div><\/div><div class=\"wpb_column vc_column_container\"><div class=\"vc_column-inner\"><div class=\"wpb_text_column\"><div class=\"wpb_wrapper\"><p>Elaboraci\u00f3n y presentaci\u00f3n de declaraciones fiscales mensuales y anuales, asegurando el correcto c\u00e1lculo y pago de impuestos ante las autoridades correspondientes.<\/p>\n<\/div><\/div><\/div><\/div><\/div><div class=\"w-separator size_huge\"><\/div><div class=\"g-cols wpb_row via_grid cols_1-2 laptops-cols_1 tablets-cols_inherit mobiles-cols_1 valign_top type_default stacking_default\" style=\"--columns-gap:1rem;\"><div class=\"wpb_column vc_column_container\"><div class=\"vc_column-inner\"><div class=\"w-hwrapper valign_middle align_none\"><h6 class=\"w-text us_custom_dfb871c2 has_text_color\"><span class=\"w-text-h\"><span class=\"w-text-value\">03<\/span><\/span><\/h6><h3 class=\"w-text\"><span class=\"w-text-h\"><span class=\"w-text-value\">Declaraciones Mensuales<\/span><\/span><\/h3><\/div><\/div><\/div><div class=\"wpb_column vc_column_container\"><div class=\"vc_column-inner\"><div class=\"wpb_text_column\"><div class=\"wpb_wrapper\"><p>Elaboraci\u00f3n y presentaci\u00f3n de declaraciones fiscales mensuales y anuales, asegurando el correcto c\u00e1lculo y pago de impuestos ante las autoridades correspondientes.<\/p>\n<\/div><\/div><\/div><\/div><\/div><div class=\"w-separator size_huge\"><\/div><div class=\"g-cols wpb_row via_grid cols_1-2 laptops-cols_1 tablets-cols_inherit mobiles-cols_1 valign_top type_default stacking_default\" style=\"--columns-gap:1rem;\"><div class=\"wpb_column vc_column_container\"><div class=\"vc_column-inner\"><div class=\"w-hwrapper valign_middle align_none\"><h6 class=\"w-text us_custom_49e48038 has_text_color\"><span class=\"w-text-h\"><span class=\"w-text-value\">04<\/span><\/span><\/h6><h3 class=\"w-text\"><span class=\"w-text-h\"><span class=\"w-text-value\">RESICO<\/span><\/span><\/h3><\/div><\/div><\/div><div class=\"wpb_column vc_column_container\"><div class=\"vc_column-inner\"><div class=\"wpb_text_column\"><div class=\"wpb_wrapper\"><p>Asesor\u00eda, gesti\u00f3n contable y fiscal para contribuyentes inscritos en el <strong data-start=\"168\" data-end=\"214\">R\u00e9gimen Simplificado de Confianza (RESICO)<\/strong>.<\/p>\n<\/div><\/div><\/div><\/div><\/div><div class=\"w-separator size_huge\"><\/div><div class=\"g-cols wpb_row via_grid cols_1-2 laptops-cols_1 tablets-cols_inherit mobiles-cols_1 valign_top type_default stacking_default\" style=\"--columns-gap:1rem;\"><div class=\"wpb_column vc_column_container\"><div class=\"vc_column-inner\"><div class=\"w-hwrapper valign_middle align_none\"><h6 class=\"w-text us_custom_49e48038 has_text_color\"><span class=\"w-text-h\"><span class=\"w-text-value\">05<\/span><\/span><\/h6><h3 class=\"w-text\"><span class=\"w-text-h\"><span class=\"w-text-value\">N\u00f3minas<\/span><\/span><\/h3><\/div><\/div><\/div><div class=\"wpb_column vc_column_container\"><div class=\"vc_column-inner\"><div class=\"wpb_text_column\"><div class=\"wpb_wrapper\"><p>Elaboraci\u00f3n de recibos de n\u00f3mina, c\u00e1lculo de salarios, impuestos, deducciones, prestaciones y cuotas correspondientes.<\/p>\n<\/div><\/div><\/div><\/div><\/div><div class=\"w-separator size_huge\"><\/div><div class=\"g-cols wpb_row via_grid cols_1-2 laptops-cols_1 tablets-cols_inherit mobiles-cols_1 valign_top type_default stacking_default\" style=\"--columns-gap:1rem;\"><div class=\"wpb_column vc_column_container\"><div class=\"vc_column-inner\"><div class=\"w-hwrapper valign_middle align_none\"><h6 class=\"w-text us_custom_49e48038 has_text_color\"><span class=\"w-text-h\"><span class=\"w-text-value\">06<\/span><\/span><\/h6><h3 class=\"w-text\"><span class=\"w-text-h\"><span class=\"w-text-value\">Facturaci\u00f3n<\/span><\/span><\/h3><\/div><\/div><\/div><div class=\"wpb_column vc_column_container\"><div class=\"vc_column-inner\"><div class=\"wpb_text_column\"><div class=\"wpb_wrapper\"><p>Asesor\u00eda y apoyo en la emisi\u00f3n de facturas electr\u00f3nicas (CFDI), cumpliendo con todos los requisitos fiscales establecidos por la ley.<\/p>\n<\/div><\/div><\/div><\/div><\/div><div class=\"w-separator size_huge\"><\/div><div class=\"g-cols wpb_row via_grid cols_1-2 laptops-cols_1 tablets-cols_inherit mobiles-cols_1 valign_top type_default stacking_default\" style=\"--columns-gap:1rem;\"><div class=\"wpb_column vc_column_container\"><div class=\"vc_column-inner\"><div class=\"w-hwrapper valign_middle align_none\"><h6 class=\"w-text us_custom_49e48038 has_text_color\"><span class=\"w-text-h\"><span class=\"w-text-value\">07<\/span><\/span><\/h6><h3 class=\"w-text\"><span class=\"w-text-h\"><span class=\"w-text-value\">Asesor\u00edas<\/span><\/span><\/h3><\/div><\/div><\/div><div class=\"wpb_column vc_column_container\"><div class=\"vc_column-inner\"><div class=\"wpb_text_column\"><div class=\"wpb_wrapper\"><p>Orientaci\u00f3n sobre el pago de impuestos, cumplimiento de obligaciones fiscales, manejo de facturaci\u00f3n, toma de decisiones financieras y optimizaci\u00f3n de recursos.<\/p>\n<\/div><\/div><\/div><\/div><\/div><div class=\"w-separator size_large\"><\/div><div class=\"g-cols wpb_row via_grid cols_1-2 laptops-cols_1 tablets-cols_inherit mobiles-cols_1 valign_top type_default stacking_default\" style=\"--columns-gap:1rem;\"><div class=\"wpb_column vc_column_container\"><div class=\"vc_column-inner\"><div class=\"w-hwrapper valign_middle align_none\"><h6 class=\"w-text us_custom_49e48038 has_text_color\"><span class=\"w-text-h\"><span class=\"w-text-value\">08<\/span><\/span><\/h6><h3 class=\"w-text\"><span class=\"w-text-h\"><span class=\"w-text-value\">Jubilaciones y Pensiones<\/span><\/span><\/h3><\/div><\/div><\/div><div class=\"wpb_column vc_column_container\"><div class=\"vc_column-inner\"><div class=\"wpb_text_column\"><div class=\"wpb_wrapper\"><p>Orientaci\u00f3n y apoyo en tr\u00e1mites relacionados con el retiro laboral, c\u00e1lculo de pensiones y acceso a beneficios correspondientes.<\/p>\n<\/div><\/div><\/div><\/div><\/div><div class=\"w-separator size_large\"><\/div><div class=\"g-cols wpb_row via_grid cols_1-2 laptops-cols_1 tablets-cols_inherit mobiles-cols_1 valign_top type_default stacking_default\" style=\"--columns-gap:1rem;\"><div class=\"wpb_column vc_column_container\"><div class=\"vc_column-inner\"><div class=\"w-hwrapper valign_middle align_none\"><h6 class=\"w-text us_custom_49e48038 has_text_color\"><span class=\"w-text-h\"><span class=\"w-text-value\">09<\/span><\/span><\/h6><h3 class=\"w-text\"><span class=\"w-text-h\"><span class=\"w-text-value\">Estrategias Fiscales<\/span><\/span><\/h3><\/div><\/div><\/div><div class=\"wpb_column vc_column_container\"><div class=\"vc_column-inner\"><div class=\"wpb_text_column\"><div class=\"wpb_wrapper\"><p>Te ayudamos a aprovechar correctamente los beneficios, deducciones y est\u00edmulos fiscales establecidos por la ley.<\/p>\n<\/div><\/div><\/div><\/div><\/div><div class=\"w-separator size_large\"><\/div><div class=\"g-cols wpb_row via_grid cols_1-2 laptops-cols_1 tablets-cols_inherit mobiles-cols_1 valign_top type_default stacking_default\" style=\"--columns-gap:1rem;\"><div class=\"wpb_column vc_column_container\"><div class=\"vc_column-inner\"><div class=\"w-hwrapper valign_middle align_none\"><h6 class=\"w-text us_custom_49e48038 has_text_color\"><span class=\"w-text-h\"><span class=\"w-text-value\">10<\/span><\/span><\/h6><h3 class=\"w-text\"><span class=\"w-text-h\"><span class=\"w-text-value\">Regularizaci\u00f3n y Actualizaciones Fiscales<\/span><\/span><\/h3><\/div><\/div><\/div><div class=\"wpb_column vc_column_container\"><div class=\"vc_column-inner\"><div class=\"wpb_text_column\"><div class=\"wpb_wrapper\"><p>Asesor\u00eda sobre nuevas obligaciones fiscales, cambios en impuestos, actualizaciones en facturaci\u00f3n electr\u00f3nica y modificaciones en los requisitos de las autoridades fiscales.<\/p>\n<\/div><\/div><\/div><\/div><\/div><div class=\"w-separator size_large\"><\/div><div class=\"g-cols wpb_row via_grid cols_1-2 laptops-cols_1 tablets-cols_inherit mobiles-cols_1 valign_top type_default stacking_default\" style=\"--columns-gap:1rem;\"><div class=\"wpb_column vc_column_container\"><div class=\"vc_column-inner\"><div class=\"w-hwrapper valign_middle align_none\"><h6 class=\"w-text us_custom_49e48038 has_text_color\"><span class=\"w-text-h\"><span class=\"w-text-value\">11<\/span><\/span><\/h6><h3 class=\"w-text\"><span class=\"w-text-h\"><span class=\"w-text-value\">IMSS &#8211; INFONAVIT<\/span><\/span><\/h3><\/div><\/div><\/div><div class=\"wpb_column vc_column_container\"><div class=\"vc_column-inner\"><div class=\"wpb_text_column\"><div class=\"wpb_wrapper\"><p>Asesor\u00eda y gesti\u00f3n de los tr\u00e1mites relacionados con la seguridad social y las obligaciones patronales de las empresas.<\/p>\n<\/div><\/div><\/div><\/div><\/div><div class=\"w-separator size_large\"><\/div><div class=\"g-cols wpb_row via_grid cols_1-2 laptops-cols_1 tablets-cols_inherit mobiles-cols_1 valign_top type_default stacking_default\" style=\"--columns-gap:1rem;\"><div class=\"wpb_column vc_column_container\"><div class=\"vc_column-inner\"><div class=\"w-hwrapper valign_middle align_none\"><h6 class=\"w-text us_custom_49e48038 has_text_color\"><span class=\"w-text-h\"><span class=\"w-text-value\">12<\/span><\/span><\/h6><h3 class=\"w-text\"><span class=\"w-text-h\"><span class=\"w-text-value\">Cursos y Capacitaciones<\/span><\/span><\/h3><\/div><\/div><\/div><div class=\"wpb_column vc_column_container\"><div class=\"vc_column-inner\"><div class=\"wpb_text_column\"><div class=\"wpb_wrapper\"><p>Capacitaci\u00f3n y formaci\u00f3n dirigida a personas, emprendedores y empresas sobre temas contables, fiscales y administrativos.<\/p>\n<\/div><\/div><\/div><\/div><\/div><div class=\"w-separator size_large\"><\/div><div class=\"g-cols wpb_row via_grid cols_1-2 laptops-cols_1 tablets-cols_inherit mobiles-cols_1 valign_top type_default stacking_default\" style=\"--columns-gap:1rem;\"><div class=\"wpb_column vc_column_container\"><div class=\"vc_column-inner\"><div class=\"w-hwrapper valign_middle align_none\"><h6 class=\"w-text us_custom_49e48038 has_text_color\"><span class=\"w-text-h\"><span class=\"w-text-value\">13<\/span><\/span><\/h6><h3 class=\"w-text\"><span class=\"w-text-h\"><span class=\"w-text-value\">Auditor\u00edas<\/span><\/span><\/h3><\/div><\/div><\/div><div class=\"wpb_column vc_column_container\"><div class=\"vc_column-inner\"><div class=\"wpb_text_column\"><div class=\"wpb_wrapper\"><p>Revisi\u00f3n y an\u00e1lisis detallado de la informaci\u00f3n financiera, contable y fiscal de una empresa o persona.<\/p>\n<\/div><\/div><\/div><\/div><\/div><div class=\"w-separator size_large\"><\/div><div class=\"g-cols wpb_row via_grid cols_1-2 laptops-cols_1 tablets-cols_inherit mobiles-cols_1 valign_top type_default stacking_default\" style=\"--columns-gap:1rem;\"><div class=\"wpb_column vc_column_container\"><div class=\"vc_column-inner\"><div class=\"w-hwrapper valign_middle align_none\"><h6 class=\"w-text us_custom_49e48038 has_text_color\"><span class=\"w-text-h\"><span class=\"w-text-value\">14<\/span><\/span><\/h6><h3 class=\"w-text\"><span class=\"w-text-h\"><span class=\"w-text-value\">Declaraci\u00f3n Patrimonial<\/span><\/span><\/h3><\/div><\/div><\/div><div class=\"wpb_column vc_column_container\"><div class=\"vc_column-inner\"><div class=\"wpb_text_column\"><div class=\"wpb_wrapper\"><p>Organizaci\u00f3n de la informaci\u00f3n financiera, revisi\u00f3n de documentos, llenado correcto de la declaraci\u00f3n y orientaci\u00f3n para cumplir con los requisitos establecidos por la ley.<\/p>\n<\/div><\/div><\/div><\/div><\/div><div class=\"w-separator size_large\"><\/div><\/div><\/div><\/div><\/div><\/section><section class=\"l-section wpb_row us_custom_887a049b height_large\"><div class=\"l-section-h i-cf\"><div class=\"g-cols vc_row via_grid cols_1 laptops-cols_inherit tablets-cols_1 mobiles-cols_1 valign_middle type_default stacking_default\" style=\"--columns-gap:0rem;\"><div class=\"wpb_column vc_column_container\"><div class=\"vc_column-inner\"><div class=\"g-cols wpb_row via_grid cols_1 laptops-cols_inherit tablets-cols_inherit mobiles-cols_1 valign_middle type_default stacking_default\" style=\"--columns-gap:3rem;\"><div class=\"wpb_column vc_column_container us_custom_7841dd10 has_bg_color\"><div class=\"vc_column-inner\"><div class=\"w-hwrapper valign_middle align_center\"><div class=\"w-image us_custom_8c562358 align_none\"><div class=\"w-image-h\"><img decoding=\"async\" width=\"150\" height=\"150\" src=\"https:\/\/herrerasilvacontadores.com\/sitioweb\/wp-content\/uploads\/2026\/02\/5-150x150.jpg\" class=\"attachment-thumbnail size-thumbnail\" alt=\"\" loading=\"lazy\" \/><\/div><\/div><div class=\"w-vwrapper align_left valign_middle\" style=\"--vwrapper-gap:0rem\"><div class=\"w-text us_custom_b7b407d9\"><span class=\"w-text-h\"><span class=\"w-text-value\">Contador P\u00fablico<\/span><\/span><\/div><h4 class=\"w-text us_custom_1f257949\"><span class=\"w-text-h\"><span class=\"w-text-value\">Miguel Herrera Garc\u00eda<\/span><\/span><\/h4><\/div><\/div><div class=\"w-separator size_small\"><\/div><div class=\"w-separator size_small\"><\/div><h3 class=\"w-text us_custom_8ac662a2 has_text_color\"><span class=\"w-text-h\"><span class=\"w-text-value\">Estamos a sus \u00f3rdenes cont\u00e1ctenos y con gusto le atenderemos<\/span><\/span><\/h3><div class=\"w-btn-wrapper align_center\"><a class=\"w-btn us-btn-style_1\" href=\"https:\/\/herrerasilvacontadores.com\/sitioweb\/contact\/\"><span class=\"w-btn-label\">Enviar Mensaje<\/span><\/a><\/div><\/div><\/div><\/div><\/div><\/div><\/div><\/div><\/section>\n","protected":false},"excerpt":{"rendered":"","protected":false},"author":1,"featured_media":0,"parent":0,"menu_order":0,"comment_status":"closed","ping_status":"closed","template":"","meta":{"pagelayer_contact_templates":[],"_pagelayer_content":"","footnotes":""},"class_list":["post-111","page","type-page","status-publish","hentry"],"_links":{"self":[{"href":"https:\/\/herrerasilvacontadores.com\/sitioweb\/wp-json\/wp\/v2\/pages\/111","targetHints":{"allow":["GET"]}}],"collection":[{"href":"https:\/\/herrerasilvacontadores.com\/sitioweb\/wp-json\/wp\/v2\/pages"}],"about":[{"href":"https:\/\/herrerasilvacontadores.com\/sitioweb\/wp-json\/wp\/v2\/types\/page"}],"author":[{"embeddable":true,"href":"https:\/\/herrerasilvacontadores.com\/sitioweb\/wp-json\/wp\/v2\/users\/1"}],"replies":[{"embeddable":true,"href":"https:\/\/herrerasilvacontadores.com\/sitioweb\/wp-json\/wp\/v2\/comments?post=111"}],"version-history":[{"count":13,"href":"https:\/\/herrerasilvacontadores.com\/sitioweb\/wp-json\/wp\/v2\/pages\/111\/revisions"}],"predecessor-version":[{"id":387,"href":"https:\/\/herrerasilvacontadores.com\/sitioweb\/wp-json\/wp\/v2\/pages\/111\/revisions\/387"}],"wp:attachment":[{"href":"https:\/\/herrerasilvacontadores.com\/sitioweb\/wp-json\/wp\/v2\/media?parent=111"}],"curies":[{"name":"wp","href":"https:\/\/api.w.org\/{rel}","templated":true}]}}